se a*q = -q + 1740. What are the prime factors of q?
2, 3, 29
Let h = 132 - -44. Suppose 0 = -3*n - 34*o + 29*o + 272, 193 = 2*n + o. Let m = h - n. List the prime factors of m.
7, 11
Suppose -d = -3*w + 17555, -3*d + 12 = -0*d. What are the prime factors of w?
3, 1951
Let y = -85 + 89. Suppose o = -5*x + 4*o + 2750, y*x = 3*o + 2197. What are the prime factors of x?
7, 79
Let f(g) = -2*g**2 + 36*g + 38. Let r be f(19). Let q(h) = h**3 - 4*h + 359. What are the prime factors of q(r)?
359
Let j(z) = z**3 + 44*z**2 + 265*z + 61. What are the prime factors of j(-36)?
7, 127
Let t(a) = 13*a**2 + 1. Suppose 9*l - 12*l + 12 = 0. Let o be t(l). Suppose -o = -u - 189. What are the prime factors of u?
2, 5
Let x(y) = 43*y + 11. Let d be x(9). Suppose 3*i = i - d. Let w = -53 - i. List the prime factors of w.
2, 73
Let v be (-228)/(-27) + 44/(-99). Suppose v*g + 3*i = 13*g - 2495, 3*g + 5*i = 1497. What are the prime factors of g?
499
List the prime factors of (-143760)/45*(-48)/64.
2, 599
Let a = -43 + -74. Let r be 32/(-12)*a/6. What are the prime factors of (r - -1) + (-3 - 1)?
7
Let c(h) = 2045*h**2 + 546*h - 3305. List the prime factors of c(6).
7, 10513
Let g(k) = 5*k**2 + 262*k - 139. List the prime factors of g(29).
2, 3
Suppose 15*n = 14*n - 312. Let x = n - -792. List the prime factors of x.
2, 3, 5
Let p = -1404 + 1548. What are the prime factors of p?
2, 3
Let y = -8 + 12. Let n(k) = 2*k - 1. Let q be n(y). Suppose q*u - 538 = 519. List the prime factors of u.
151
Let q = 583 + -581. Suppose -3*u = q*o - 888, -u = -3*o - 2*u + 1339. List the prime factors of o.
3, 149
Suppose 0 = -221*m + 66*m + 328290. List the prime factors of m.
2, 3, 353
Let u be 1 + 1 + 0 + 0. Let m be ((-16)/20)/(u + 516/(-255)). Suppose -4*s + m = -390. What are the prime factors of s?
2, 53
Suppose -3*i - h = -4430, 3*h = -4*i - 0*i + 5910. Let m = -779 + i. What are the prime factors of m?
17, 41
Suppose 3*h + 5*n - 24 = 0, -4*h + 4 = -3*n + 1. Suppose -5*q = h*y - 1846, -q - 364 = -2*q + 2*y. What are the prime factors of q?
2, 23
List the prime factors of -4 - (36/(-234) - (-1017309)/(-39)) - 0.
11, 2371
Let o be 42/(-126) - (92/6)/(-1). Let l = -119 + 171. Let i = l - o. List the prime factors of i.
37
Let q(j) = j**2 + 23*j + 51. Let y be q(-31). Let d = y - 183. What are the prime factors of d?
2, 29
Let l(m) = 2*m - 18. Let b be l(17). Suppose 1 = -3*i + b. What are the prime factors of (-96*(-1)/i)/((-3)/(-10))?
2
Let r(n) = -n**2 + 4*n + 6. Let c be r(4). Suppose -6*t + 18 + c = 0. List the prime factors of ((-6)/t)/((-279)/(-94) + -3).
47
Suppose 12*b + 4*x = 8*b + 10372, -8*b - 5*x + 20759 = 0. What are the prime factors of b?
2, 3, 433
Let f = 342 + -48. Suppose -t + f = -4*t. Let a = 113 + t. What are the prime factors of a?
3, 5
What are the prime factors of 11/(-110)*-255*4244/6?
17, 1061
Suppose 0 = -59*w - 295, z - 3*w = -28547 + 94088. List the prime factors of z.
2, 3, 67, 163
Let i(n) = -80*n + 15. Suppose -8*q - 6 = -7*q. Let h be i(q). Suppose -23*b = -18*b - h. What are the prime factors of b?
3, 11
Let j(y) = -y**3 + y**2 - y - 1. Let t be j(-3). Let o = t - 34. Suppose 0 = -2*w + 3*w + z - 82, o*z + 281 = 3*w. What are the prime factors of w?
3, 29
Let l(z) = -14*z**2 + 992*z + 17. List the prime factors of l(48).
15377
Let n = -130 + 138. Let p = n + -3. Let t(k) = 20*k + 31. List the prime factors of t(p).
131
Let k be ((-75)/30)/(2/8). List the prime factors of 4495/10 + k/(-20).
2, 3, 5
Let h(k) = -700*k + 56493. List the prime factors of h(0).
3, 6277
Suppose 0 = 2*h - 3*s - 4149, -4819 - 3512 = -4*h - 5*s. What are the prime factors of h/132*3/((-3)/(-8))?
2, 3, 7
Let p(y) = y**2 - 3*y + 2. Let t be p(1). Suppose t = -2*s - 2*u + 172, 2*s - u = 6 + 172. Suppose 40 = 2*l - s. List the prime factors of l.
2
Let w(j) = 2*j**3 - 5*j**2 - 7*j + 7. Suppose -6*a + 12 = -4*a. Let d be ((-12)/8)/(a/(-20)). What are the prime factors of w(d)?
97
Let z(t) = -2*t**2 - 177*t - 140. What are the prime factors of z(-49)?
7, 13, 41
Let l = -18 + 20. Suppose 345 = -l*w + 25. Let f = 253 + w. List the prime factors of f.
3, 31
Suppose -5*z = -20 + 45, -182 = -i + 3*z. Suppose i*p + 360 = 171*p. What are the prime factors of p?
2, 3, 5
Suppose 0 = 25*u - 19*u + 66. Let h(s) = s**2 + 8*s - 9. What are the prime factors of h(u)?
2, 3
Let x = 191 + -199. What are the prime factors of 2*1/x + (-19737)/(-36)?
2, 137
Let w(o) = -9*o + 6. Let j be 12/(-27) + 12/27. List the prime factors of w(j).
2, 3
Let s = -254 + 518. Suppose -3*v + 1644 = s. Suppose v + 25 = 5*k. What are the prime factors of k?
97
Let c = 1798 + 12323. List the prime factors of c.
3, 523
Let d = 257 - 133. Let c = d + -59. Let u = 92 - c. List the prime factors of u.
3
Suppose -25*a + 32520 = 15*a. List the prime factors of a.
3, 271
Let q = -5879 - -20497. List the prime factors of q.
2, 7309
Let o be 1/(-2)*1*32. Let c be ((-8)/6)/(o/(-24)). List the prime factors of (68/c)/(19/(-38)).
2, 17
Let x be 14/21*((-180)/8)/(-3). Suppose 6769 = x*r - 3*a, 5*a - 9 - 1 = 0. List the prime factors of r.
5, 271
Let l = -453 + 297. Let v = l - -355. What are the prime factors of v?
199
Let k be (0 - -1)/((-1)/(-3)). Suppose -k*s + 2*d + 37 - 7 = 0, 4*s + 4*d = 20. Let q(g) = 19*g + 5. List the prime factors of q(s).
157
Let u(y) = -1606*y - 2374. List the prime factors of u(-12).
2, 7, 17, 71
Let g(l) = 10*l**2 + 127*l - 481. List the prime factors of g(47).
2, 13789
Let i = -997 - -2253. What are the prime factors of i?
2, 157
Let m = 1 - 1. Let u be (-63707)/(-49) + (-6)/42. Suppose -n + 14*n - u = m. List the prime factors of n.
2, 5
Suppose -164*x - 1645 = -230*x + 53663. What are the prime factors of x?
2, 419
Suppose 17*d - 44490 = 26723. Suppose -2*b = -4*i + 4446, b = 4*i - 256 - d. List the prime factors of i.
11, 101
Suppose -5*d + 2*d = -18. Suppose -y - r - r - d = 0, -8 = 2*y + 3*r. What are the prime factors of (y + -23)*(3 + (-200)/15)?
7, 31
Suppose -14*w - 60416 = -73*w. List the prime factors of w.
2
Suppose 0 = w + 2*w - 1419. Suppose 2*n - w = 3*d - 1223, -4*d + 2*n = -1002. Suppose 4*m - 240 - d = 0. What are the prime factors of m?
3, 41
Let a(h) = h**3 + 25*h**2 + 52*h + 13. Let b be a(-22). Suppose -2607 + b = -9*l. What are the prime factors of l?
2, 127
Suppose -55*h + 126285 = 3*m - 53*h, 8*m - 5*h = 336853. List the prime factors of m.
42101
Let a = 70 + -126. Let p = a - -58. Suppose -150 = -0*o - p*o. What are the prime factors of o?
3, 5
Let g(h) = h + 2. Let x be g(-4). Let v be (x + (-5)/(-10))/((-6)/8). What are the prime factors of (-3)/(-3) + 105 - v?
2, 13
Let c(p) = 7*p**3 + 146*p**2 - 33*p + 5. List the prime factors of c(11).
3, 5, 71
List the prime factors of (-74949959)/(-3087) - ((-48)/27 - -2).
3, 8093
Let y = -303 + 308. Suppose -8*i + 12*i - 572 = -4*o, -y*i = -2*o - 701. List the prime factors of i.
3, 47
Let d be 4 - -6*6/4. Let q(y) = 9 + 26 + y - 3*y - d. What are the prime factors of q(0)?
2, 11
List the prime factors of (-4)/(-72)*-2*-80559 + 6.
13, 53
Suppose 5*k = 5*b + 110, 3*b - 74 = -3*k + 8*b. Suppose 20*i - k*i = 2530. List the prime factors of i.
5, 11, 23
Suppose -14 = 5*u - 2*h, -u + 2*u - 6 = -4*h. List the prime factors of 1 + 3680/24 - u/(-6).
2, 7, 11
Let w be (-540)/189*49/(-2). Suppose -65*r = -67*r + w. What are the prime factors of r?
5, 7
Suppose -23 = 5*s - 53. Let m(g) = 18*g**3 - 3*g**2 + 11*g - 6. Let o be m(s). Suppose 17*v - 2*v = o. What are the prime factors of v?
2
Let z(a) = -11*a + 2*a**2 - 8*a**2 - 10*a**2 - 12*a + 4*a**2 - 47 - a**3. What are the prime factors of z(-15)?
7, 139
Let y = -22 + 22. Suppose y = -2*g + 4*g - 84. Let n = 39 + g. What are the prime factors of n?
3
Let t = -6564 + 12061. What are the prime factors of t?
23, 239
Suppose 2*f = m - 5, -4*f - 15 = 2*m - 25. Let w(j) = -22*j + 1767. What are the prime factors of w(f)?
3, 19, 31
Suppose 9*f = -25*f + 170. Suppose -4*c + 3019 = 5*j - 2766, -f*j - 4330 = -3*c. List the prime factors of c.
5, 17
Suppose -3*g + 2*u + 7540 = 0, 7866 = 4*g - 5*u - 2199. Suppose 5*b - 10 = 0, -g + 242 = -5*r + b. List the prime factors of r.
2, 227
Let u be 70*2*(3 - 2). Let d = -97 + u. Let n = d - -58. What are the prime factors of n?
101
Let x(j) = -238*j**3 - 10*